pose -4*b + 80 + 148 = o. Suppose -q + 92 = 3*p - 2*q, 5*q = 2*p - b. Calculate the greatest common divisor of p and 155.
31
Let l(b) = 3*b**2 + 2*b - 5. Let u be l(-3). What is the greatest common divisor of 12 and u?
4
Suppose 4*i - 17*i = -21450. Suppose 4*c = -11*c + i. Calculate the highest common divisor of c and 10.
10
Let i be (-135)/(-10)*(-4)/3. Let b(d) = -2*d**2 - 38*d + 10. Let p be b(i). What is the greatest common divisor of p and 23?
23
Let v(t) = -t**2 - 6*t - 4. Let z be v(-5). Let g(n) = 12*n**2 - n + 1. Let i be g(z). Let d = 107 + 25. Calculate the highest common divisor of d and i.
12
Let k be -4*((5 - 1) + 14/(-1)). What is the greatest common factor of k and 40?
40
Suppose 9*b = 2*b. Suppose -3*f + f + 6 = b. Let o be 4/(-18) - (-22)/18. Calculate the highest common divisor of o and f.
1
Suppose -1736 - 1044 = -4*i + 2*z, 2091 = 3*i - 3*z. Calculate the greatest common divisor of 126 and i.
63
Suppose -3*c = -2*r - r - 45, -27 = -2*c - r. Let d be 12/c*(-14)/(-3). Calculate the greatest common factor of 8 and d.
4
Suppose 3*c = m + 24, 8*m - 10*m = -3*c + 21. Calculate the greatest common factor of c and 3.
3
Suppose -4*l = 2*t - 40, -10 + 86 = 5*t - 2*l. Let f = 16 - t. Suppose -3*b = i - 245, 90 = b + 2*i - f*i. What is the greatest common divisor of 10 and b?
10
Let n(o) = -o**3 + 24*o**2 + 4*o - 21. Let j be n(24). Calculate the highest common factor of j and 15.
15
Suppose -9*q - 236 = -i - 4*q, -4*i + 908 = -2*q. What is the greatest common factor of 339 and i?
113
Let l be ((-14)/(-3))/(6/(-9)). Let o = l + 12. Let c = -403 + 458. What is the greatest common divisor of o and c?
5
Let o be ((-3)/(-4))/((-39)/(-10296)). Calculate the highest common divisor of 66 and o.
66
Suppose -2*x = -x + 4*q, -3*x - 32 = -4*q. Let j be 21 + (-12)/x*-2. Calculate the highest common factor of 6 and j.
6
Suppose 0*i + 22 = i. Let y = 343 + -341. Calculate the highest common factor of i and y.
2
Let x = 1883 + -85. Calculate the highest common divisor of 29 and x.
29
Let m be (-125904)/(-1647) - (-8)/54*-3. Let s = -7 + 11. Calculate the highest common factor of m and s.
4
Suppose 0 = b - 2 - 16. Let f = -21 - -111. Calculate the highest common divisor of b and f.
18
Let u = -461 - -479. Calculate the greatest common factor of u and 18.
18
Let c = -43 - -69. Suppose 4 = -7*s + 11*s. Let u be 183/s - (4 + -3). What is the highest common factor of c and u?
26
Suppose -3*f + 5*q + 919 = 0, 4*f + 5*q - 1236 = q. Suppose -3*n = 19*n - f. Calculate the highest common factor of n and 196.
14
Suppose 0 = -g - 5*b + 5 + 3, -4*b = -5*g + 40. What is the greatest common divisor of 376 and g?
8
Let k = 7 + -3. Suppose 0 = -k*j + 5*j - 21. Suppose 7*s - 945 = 2*s. What is the greatest common factor of s and j?
21
Suppose -7*k - 4*k + 693 = 0. Let c = k + -54. What is the highest common factor of 6 and c?
3
Suppose -i = h - 7 + 1, 3*h = 5*i - 14. Let u be ((-27)/(-6) + -4)*14. Suppose 26 = 4*x + 2*m, -2*x = -x + m - u. What is the greatest common factor of h and x?
2
Suppose 4*j + 2*i = 104, -4*j + 2*i + 114 = -i. Suppose -9*o = -3*o - 1134. Calculate the highest common factor of o and j.
27
Let o be (5 - 1)*(-2)/4. Let s be 80/4 + (-8)/o. What is the greatest common factor of s and 12?
12
Let f = -46 + 33. Let p(g) = g**3 + 15*g**2 + 17*g + 18. Let i be p(f). Calculate the highest common factor of 15 and i.
15
Let c = -19 + 24. Suppose -4*l + c*p = -3, 2*l + 9 = 5*l + 3*p. Suppose 201 = n - 2*k, 0*n - 3*k = l*n - 430. What is the greatest common divisor of n and 19?
19
Let f(u) = -3*u + 174. Let d be f(41). What is the greatest common factor of 15 and d?
3
Let f be (3/2)/(2/308). Let x be 4*(-1 + 7) + -3. Calculate the highest common divisor of f and x.
21
Suppose 2*j = -j + w + 89, 3*w - 167 = -5*j. Suppose -33 - j = -d. Suppose -4*s + 897 - 257 = 0. Calculate the highest common factor of s and d.
32
Let z = 93 + 28. Let g = -4 + 15. Calculate the highest common factor of z and g.
11
Let o = 1 - 0. Suppose -8 = -3*v + o. Suppose -r - r + 6 = 0. Calculate the greatest common factor of v and r.
3
Let x be (-3 - 2 - -7) + 107 + -1. What is the greatest common factor of x and 24?
12
Suppose 120 = 28*l - 26*l. What is the highest common divisor of 36 and l?
12
Suppose -6 = -b + 2. Suppose 4*p + 4 = -5*c, -5*p + p + b = 2*c. Let d(x) = x**2 - 3*x - 4. Let t be d(c). What is the highest common factor of 8 and t?
8
Let h be (-62)/(-2)*((-852)/(-6) - 5). What is the greatest common factor of h and 31?
31
Let z = 1054 + -944. Suppose 3*n - 4*n + 10 = 0. What is the highest common factor of n and z?
10
Let i = -121 + 153. What is the highest common divisor of i and 40?
8
Suppose -3*g + 459 = -0*g. Let z be (-6 + 2)/(6/g). Let m be (z/4)/(39/(-52)). Calculate the greatest common divisor of m and 17.
17
Suppose 749 = 48*m + 173. Calculate the highest common divisor of 1692 and m.
12
Suppose -v - l + 7 = 0, 29 = 3*v - l + 6*l. Suppose 4 + 1 = 5*p. Let r be p/(-3) + 740/60. Calculate the highest common divisor of v and r.
3
Let i(n) = -4*n**3 - 5*n**2 + 21. Let p be i(-3). What is the greatest common factor of p and 1932?
84
Let l = 113 + -61. Suppose -2*z + 158 = -2*p, 2*z - 4*p = 115 + 45. What is the highest common divisor of l and z?
26
Suppose 10*j - 4*r - 24 = 8*j, j - 36 = -4*r. Calculate the greatest common divisor of 20 and j.
20
Suppose -20 = -4*w, 5*b - 2*w = 3*w + 500. Suppose 23 = g - b. Calculate the highest common factor of g and 16.
16
Suppose -3*x + 36 = 126. Let a = 43 + x. Suppose -3*m - m + 260 = 0. Calculate the highest common divisor of a and m.
13
Let q = -9 + 0. Let i = 0 - q. Suppose -i*b - 64 = -13*b. What is the greatest common divisor of 176 and b?
16
Let g be (9/(-18))/(1/(-34)). Let k = g + -2. What is the greatest common divisor of 15 and k?
15
Let z be (-26)/(-8) - 2/8. Let i be 4*(20/8)/5. Suppose i*m = z*m - 35. Calculate the greatest common factor of 14 and m.
7
Let f(l) = -3*l**2 - 88*l + 29. Let w be f(-29). Calculate the greatest common factor of w and 493.
29
Suppose 0 = -a + j + 62, 0 = 3*a + 5*j - 147 + 9. Let p(u) = 7*u**2 - u + 4. Let x be p(4). What is the highest common factor of x and a?
56
Suppose d + 5*w = 3*d + 39, -4*w - 4 = 0. Let q(v) = -3*v + 7. Let f be q(-6). Let g = f + d. Calculate the highest common divisor of 9 and g.
3
Suppose 0 = -5*w - 0*w + 1325. Suppose -5*v = -5*k + 400, -2*k = -5*k - 2*v + w. What is the greatest common factor of 17 and k?
17
Suppose 2*s - 87 = -p, 75 = 4*s - 5*p - 106. What is the highest common divisor of 11 and s?
11
Suppose o - 16 = -o. Suppose 10*u = o*u + 18. Suppose u = -3*k, -2*a + 14 = -0*a - 2*k. Calculate the greatest common divisor of a and 10.
2
Let l be (15/(-6))/((-2)/4). Suppose l*s - 25 = 4*s. Let x(i) = -i**2 - i + 200. Let c be x(0). Calculate the highest common divisor of s and c.
25
Suppose -3*u + 5 = -5*m + 4, -4 = -u - 2*m. Suppose 4*f = -2*q + 46, 0*f - u*f = -3*q + 69. Calculate the greatest common factor of q and 115.
23
Suppose 4*r + 7 = 2*x - 1, -5*x = -2*r - 4. Let t(k) = 15*k**2 + k - 1. Let q be t(r). Calculate the highest common divisor of 19 and q.
19
Let p be ((-744)/(-10))/((-2)/70). Let z be p/35 + (-4)/(-10). Let m = z + 106. What is the greatest common factor of m and 4?
4
Let x = 974 + -968. Calculate the highest common factor of x and 10.
2
Let i(h) = -11*h + 4. Let a be i(-7). Let p be (-78)/(-9) - (-4)/12. Suppose u - p = -0*u. What is the highest common divisor of u and a?
9
Let c(z) = -28*z - 32 - 24*z + 55*z. Let r be c(15). Let b(f) = 8*f**2 + 5*f - 5. Let n be b(4). Calculate the highest common divisor of n and r.
13
Suppose 979 = 9*o - 2882. Calculate the highest common factor of o and 33.
33
Let x be 4576/1056*(-18)/(-26). Let t be ((-2)/(-5))/(-1)*-230. Suppose 0 = 5*w - 13 - t. What is the highest common divisor of w and x?
3
Let r(h) be the third derivative of -5*h**4/24 - 5*h**3/6 + 38*h**2. Let y be r(-6). Calculate the highest common divisor of 10 and y.
5
Suppose h = 0, -3*h + 2 + 2 = 2*f. Let s = f + 34. Calculate the highest common divisor of 9 and s.
9
Let j = 565 - 957. Let k = 843 + j. What is the greatest common factor of k and 41?
41
Suppose -210 = -d - 4*w, 3*w = 3*d + 4*w - 685. Calculate the highest common 